= 2*d**3 - 182*d**2 + 322*d + 3027. What is v(89)?
1
Let g(x) = -x**3 + 41*x**2 + 1346*x - 49106. What is g(29)?
20
Let n(k) = 5*k**3 - 268*k**2 + 1330*k - 33. What is n(5)?
542
Let k(p) = p**3 + 3*p**2 - 473*p. Determine k(-24).
-744
Let b(d) = -d**3 - 10*d**2 + 17*d + 300. Calculate b(5).
10
Let z(o) = 3*o**2 - 311*o - 1877. What is z(-16)?
3867
Let x(i) = 406*i - 665. Calculate x(3).
553
Let g(u) = 1502*u + 162008. Determine g(-108).
-208
Let k(f) = -9*f**3 + 580*f**2 + 792*f + 211. What is k(-1)?
8
Let a(c) = -44*c**2 - 2601*c - 298. Give a(-59).
-3
Let b(x) = -3*x**3 - 301*x**2 - 129*x - 2900. What is b(-100)?
0
Let p(z) = -837*z + 42. Determine p(0).
42
Let d(i) = -2*i**2 - 494*i + 6226. Calculate d(12).
10
Let b(s) = -37*s**2 + 801*s + 804. Determine b(-1).
-34
Let o(w) = 2*w**3 + 178*w**2 + 1445*w + 393. Determine o(-80).
-7
Let y(i) = 6*i**2 + 145*i - 1284. What is y(9)?
507
Let y(g) = -9584*g + 2. Determine y(0).
2
Let s(k) = -2*k**3 - 1127*k**2 - 23117*k + 102420. What is s(-542)?
-18
Let z(o) = 3*o**3 - 199*o**2 + 118*o - 3436. Give z(66).
-4
Let h(d) = -d**3 - 174*d**2 + 8394*d - 35520. Calculate h(-214).
4
Let d(o) = 2*o**2 + 8*o + 278. What is d(25)?
1728
Let t(i) = -1191*i - 216775. Determine t(-182).
-13
Let t(k) = -945*k - 7836. Calculate t(-7).
-1221
Let q(f) = -489*f - 8323. What is q(-17)?
-10
Let u(o) = o**3 + 453*o**2 - 69*o - 235553. Calculate u(-452).
-61
Let k(d) = -8326*d**2 + 16692*d - 17. Calculate k(2).
63
Let u(s) = -4*s**3 - 34*s**2 - 21*s + 239. Calculate u(-7).
92
Let p(a) = a**3 + 16*a**2 + 196*a + 4190. Determine p(-19).
-617
Let q(i) = -3208*i**2 + 9639*i - 55. Give q(3).
-10
Let u(p) = p**2 + 262*p + 2394. Give u(-9).
117
Let n(c) = 700*c**2 + 228902*c + 653. Determine n(-327).
-1
Let b(d) = 133*d**3 + 4*d**2 - 41*d - 80. Give b(-2).
-1046
Let b(u) = u**2 - 4274*u + 590741. Calculate b(143).
8
Let b(q) = 187*q**2 - 179*q - 372. Determine b(-2).
734
Let m(b) = b**2 + 1874*b + 755473. What is m(-587)?
4
Let s(i) = -31748*i - 285792. What is s(-9)?
-60
Let d(p) = -5361*p**2 - 729099*p - 406. Give d(-136).
2
Let w(h) = 447*h - 37230. Give w(82).
-576
Let m(j) = -j**3 + 135*j**2 - 2218*j + 1530. Give m(116).
-94
Let q(a) = 148*a**3 - 1791*a**2 + 174*a + 72. Determine q(12).
0
Let l(x) = -16*x - 672. Calculate l(-53).
176
Let d(i) = -29*i**2 + 1024*i + 32164. Give d(-20).
84
Let i(f) = -52546*f + 157444. What is i(3)?
-194
Let p(j) = -3*j**3 - 12*j**2 - 24*j - 280. Determine p(-9).
1151
Let s(m) = 38*m**3 - m**2 + 7*m - 12. Calculate s(2).
302
Let s(j) = 2*j**2 - 565*j + 38516. Calculate s(115).
-9
Let t(r) = -5*r**2 + 243*r + 7634. What is t(-28)?
-3090
Let c(a) = -a**2 + 192*a - 9302. Give c(102).
-122
Let w(x) = -29*x**2 - 2756*x - 24817. What is w(-9)?
-2362
Let f(s) = 2*s**3 - 177*s**2 + 3586*s + 187. Determine f(57).
-98
Let f(z) = -3*z**3 - 20*z**2 - 14443*z - 28815. Determine f(-2).
15
Let v(d) = 14*d**3 + 966*d**2 + 23*d - 219. Give v(-69).
-1806
Let p(m) = 128*m**2 + 39*m - 113. Determine p(3).
1156
Let s(o) = 146*o**2 - 58552*o + 2412. What is s(401)?
6
Let m(x) = -x**3 + x**2 + 42*x - 79. Calculate m(6).
-7
Let w(l) = 6*l**2 - 381*l + 7031. Calculate w(20).
1811
Let n(f) = 589713*f + 1769091. Give n(-3).
-48
Let q(r) = r**3 + 280*r**2 - 1674*r + 1165. Give q(5).
-80
Let o(v) = 2*v**3 + 44*v**2 - 65*v - 913. Calculate o(-22).
517
Let b(c) = 32*c**2 + 4756*c + 38611. Determine b(-140).
-29
Let c(b) = -2*b**2 - 2187*b - 45060. Calculate c(-21).
-15
Let a(c) = 111759*c + 558767. Give a(-5).
-28
Let r(f) = 2*f**3 - 52*f**2 - 443*f + 10515. Determine r(27).
12
Let r(y) = -2*y**3 + 67*y**2 - 9*y - 659. What is r(33)?
133
Let s(r) = 372668*r - 745324. Give s(2).
12
Let w(a) = 6255*a + 325179. Give w(-52).
-81
Let s(y) = -11*y**2 + 70*y + 217. Give s(13).
-732
Let a(y) = 235203*y + 51039047. Give a(-217).
-4
Let z(w) = 3877*w**2 + 643582*w + 2. What is z(-166)?
2
Let n(f) = -2*f**3 - 61*f**2 + 5*f - 56. Determine n(-30).
-1106
Let o(c) = -271*c**2 + 1113*c - 2232. Give o(2).
-1090
Let n(o) = o**3 - 137*o**2 - 9597*o + 1643. Give n(188).
-49
Let s(v) = 21*v**3 + 549*v**2 + 86*v + 91. Determine s(-26).
-117
Let z(f) = -44*f**2 - 6573*f - 37845. Calculate z(-6).
9
Let a(l) = -1102*l + 97904. Determine a(87).
2030
Let u(q) = -q**3 + 9*q**2 + 98*q - 816. Calculate u(7).
-32
Let s(o) = -65180*o + 717043. Determine s(11).
63
Let w(x) = -x**3 - 52*x**2 - 573*x + 599. Determine w(-35).
-171
Let m(r) = -16376*r - 147357. Determine m(-9).
27
Let q(y) = 164*y**3 - 437*y**2 + 428*y - 1. Determine q(1).
154
Let m(d) = -3*d**2 + 325*d - 435. What is m(109)?
-653
Let v(c) = 307704*c - 8000311. What is v(26)?
-7
Let n(d) = -d**2 + 4689*d + 18780. Calculate n(-4).
8
Let j(r) = -r**3 + 17*r**2 - 258*r + 4873. Give j(21).
-2309
Let g(q) = -2*q**2 - 2402*q - 272798. What is g(-127)?
-2
Let d(b) = -741*b + 116319. What is d(157)?
-18
Let c(t) = -519*t + 5710. Calculate c(11).
1
Let s(w) = -5*w**3 - 124*w**2 + 161*w + 76. What is s(-26)?
-54
Let a(v) = -4*v**2 - 43173*v - 11365110. Calculate a(-270).
0
Let v(d) = -d**2 - 354*d - 16717. What is v(-59)?
688
Let d(b) = -b**3 - 11*b**2 + 345*b + 4070. Determine d(-13).
-77
Let a(r) = -124*r**2 - 15577*r + 5923. Give a(-126).
1
Let s(f) = -738*f - 1439. What is s(-2)?
37
Let d(u) = 1788*u - 73290. What is d(41)?
18
Let m(u) = -65*u - 622. Determine m(-28).
1198
Let w(p) = -910*p**2 + 7276*p + 10. Determine w(8).
-22
Let a(r) = -6*r**3 - 186*r**2 - 18*r - 569. What is a(-31)?
-11
Let q(p) = 72818*p + 290658. Determine q(-4).
-614
Let h(d) = -2*d**2 + 370*d - 7755. Give h(161).
-27
Let u(f) = -f**3 + 46*f**2 + 1403*f + 85. Calculate u(-21).
169
Let c(v) = -24*v**2 + 5670*v - 1223. What is c(236)?
193
Let m(x) = x**3 + 11*x**2 - 485*x - 4058. Determine m(-8).
14
Let r(u) = -4*u**3 + 6*u**2 + 9*u - 40. Calculate r(3).
-67
Let l(v) = -v**3 + 131099*v**2 - 393291*v + 5. What is l(3)?
-4
Let a(v) = 89922*v + 5485234. What is a(-61)?
-8
Let z(o) = -647382*o - 47258881. Give z(-73).
5
Let r(h) = -h**3 + 20*h**2 + 42*h + 86. Determine r(21).
527
Let o(j) = 11*j**3 + 60*j**2 - 4277*j - 21516. Determine o(-5).
-6
Let k(x) = 2*x**3 - 22*x**2 - 411*x + 3551. Give k(8).
-121
Let u(k) = -k**3 - 252*k**2 + 8171*k - 646. Give u(29).
-8
Let f(d) = -28*d**2 + 300*d - 1805. Determine f(6).
-1013
Let f(j) = -11*j**2 - 363*j + 31. Give f(-33).
31
Let k(p) = -7933*p + 22721. Determine k(3).
-1078
Let d(t) = -4*t**3 - 178*t**2 - 111*t + 25. Calculate d(-44).
1037
Let i(g) = 2*g**2 - 1750*g - 17444. Determine i(-10).
256
Let w(l) = -267682*l - 1606086. Determine w(-6).
6
Let w(i) = i**2 + 2777*i + 5568. What is w(-2)?
18
Let i(w) = -103*w**2 + 1013*w - 7036. Determine i(7).
-4992
Let n(i) = 12*i**2 + 1420*i + 3264. Determine n(-116).
16
Let i(u) = -4*u**3 - 17*u**2 + 1320*u + 6502. Give i(-5).
-23
Let i(d) = -3*d**3 + 12*d**2 + 199*d - 1332. Give i(7).
-380
Let m(c) = 14523*c + 130675. Calculate m(-9).
-32
Let c(a) = 4*a**2 + 849*a + 157. What is c(-212)?
-55
Let g(i) = -i**3 + 2424*i - 2426. Give g(1).
-3
Let i(c) = -3*c**3 - 28*c**2 + 177*c - 262. What is i(-14)?
4
Let d(y) = -3*y**2 - 1288*y - 32554. Give d(-27).
35
Let a(f) = f**3 + 319*f**2 - 2587*f + 9493. Give a(-327).
10
Let u(s) = -2984*s + 146230. Give u(49).
14
Let b(x) = -x**3 - 69*x**2 - 1070*x - 342. Calculate b(-46).
210
Let t(j) = 24*j**2 - 335*j - 118. Determine t(14).
-104
Let c(h) = h**3 - 106*h**2 - 1161*h + 170. Calculate c(116).
54
Let w(v) = 138*v**2 + 4585*v - 9181. Determine w(2).
541
Let p(u) = u**2 + 483*u + 20291. Give p(-45).
581
Let w(d) = -92280*d + 461394. What is w(5)?
-6
Let r(y) = -13687*y - 82495. Calculate r(-6).
-373
Let w(f) = f**3 + 24*f**2 + 142*f + 60. Give w(-15).
-45
Let g(j) = 26*j**2 - 2372*j - 9480. Calculate g(-4).
424
Let l(h) = -2058*h - 40944. Determine l(-20).
216
Let q(t) = -2*t**3 + 46*t**2 + 6*t - 709. What is q(23)?
-571
Let n(m) = 5*m**3 - 34*m**2 + 68*m - 2. Determine n(2).
38
Let q(j) = -2*j**2 - 15*j + 159. Determine q(-12).
51
Let w(y) = -4*y**3 + 44*y**2 + 46*y - 193. What is w(12)?
-217
Let z(n) = 34347*n**2 + 446503*n - 101. Determine z(-13).
3
Let d(b) = 6929*b - 207879. Give d(30).
-9
Let u(c) = 27*c**2 + 8218*c - 13490. Determine u(-306).
-26
Let f(m) = m**2 - 4965*m - 169786. Calculate f(-3